mber?
True
Suppose 119*s - 105*s + 70 = 0. Is (-4 - (-9 - s))/1 + 3137 a composite number?
False
Suppose -2*n - 3*n + 30 = 0. Suppose -2*l - 23 + 121 = 0. Let y = l + n. Is y a composite number?
True
Let u be -1 - (-1 - -1) - -263. Let w = 10093 - 8910. Let y = w - u. Is y a prime number?
False
Let r be (2 - 7 - -1) + -4 + 12. Suppose 5*q = -4*p + 60, -r*p - 36 = -q - 0*q. Is 5201/1 - q/4 prime?
True
Let h(y) = -46*y**2 - 22*y + 2. Let c be h(11). Let w = c - -12051. Is w a composite number?
True
Suppose -30*i = -28 - 32. Is (55/(-5) - 2)/(i/(-254)) composite?
True
Let m be (-26850)/(-35)*(1 + -22). Is m/(-14) - 34/(-119) a prime number?
True
Let g be ((-317)/3 - -1)*3. Let z = -496 - g. Let q = -91 - z. Is q a composite number?
True
Let w = -147933 + 255490. Is w a prime number?
False
Suppose -18*u = -31*u - 71500. Let k = u - -9153. Is k a composite number?
True
Let h be (1 + 495)*928/(-16). Let k = -18327 - h. Is k composite?
True
Let o(i) = i + 14 - 5*i + 15*i**3 - 5429*i**2 - 35 + 5423*i**2. Is o(10) prime?
False
Let y(p) = -p**3 - 13*p**2 - 3*p - 24. Let z be y(-15). Suppose -3*b + 0*b + z = 0. Is b composite?
False
Suppose -3*k - 28303 = -2075917. Is k composite?
True
Let k(s) be the first derivative of 92*s**2 + 23*s + 7. Let h be k(7). Let c = -118 + h. Is c a prime number?
True
Suppose 2*w = -0 + 6. Suppose -j - 2*j + h - 85 = 0, 75 = -3*j + w*h. Let u = j - -143. Is u a composite number?
False
Suppose -w - 2*g = -5*w - 2, 4*w - 3*g = -3. Suppose w = h + 5*l - 2 - 0, -4*l + 106 = -5*h. Is (-15999)/h + (-2)/(-12) prime?
False
Let k(o) = -89*o**2 - 11*o - 5. Let c(n) = -134*n**2 - 16*n - 8. Let a(p) = -5*c(p) + 7*k(p). Let v = -309 - -306. Is a(v) composite?
False
Suppose 10*v + 7 + 13 = 0. Is (v/2)/(23680/7894 - 3) prime?
True
Suppose -6863 = -z + 5*k, -z + k = -0*k - 6883. Suppose 17*f - 21134 = -z. Is f composite?
True
Is 10012846/20 + 4/(-40) - 24/20 composite?
True
Suppose 4*t = 2*t - 16, -3*d - 5*t = -2531429. Is d a prime number?
True
Let h = 519 - 543. Is (-4)/3 + (-2 - 439160/h) composite?
True
Let h = -173002 + 530105. Is h a composite number?
False
Suppose 5 - 30 = -3*k - 2*q, -5*k + 50 = 5*q. Suppose 2*u + k*z = 0, 3*u + 2*u = 5*z + 35. Suppose -4*s = 4*c - 11168, -u*c + 9727 = -s - 4215. Is c prime?
True
Let d(t) = -8*t + 11*t - 5*t + 54 - 4*t. Let h be d(9). Is (-1 - h)*3601*-1 prime?
False
Let g = 81 - 36. Suppose 4*k - o - 65 = 0, 0 = 3*k - 3*o + o - g. Suppose k*x - 18218 = 8353. Is x a composite number?
True
Suppose 26*s + 260 = 21*s. Let l = s + 52. Suppose 421 = 5*h - l*k + 2*k, 0 = 3*h - 4*k - 263. Is h prime?
False
Suppose -34*w + 2*a = -35*w + 202799, a = -5*w + 1013995. Is w prime?
True
Is (-2132)/410*(-2)/(-4)*-154015 composite?
True
Suppose 5*n - 15 = 0, -w - n + 4*n - 20 = 0. Let l(g) = -756*g + 145. Is l(w) composite?
False
Is 51367 - (15 + -33) - (8 - (-2)/(-1)) prime?
False
Let n = -216 + 364. Suppose -l + 139 = -n. Is l a prime number?
False
Suppose 26920556 = 168*u - 819532492. Is u a composite number?
True
Let w(u) = 3*u + 10. Let x be w(-3). Is (x + -2)/((-13)/28379) prime?
False
Let z(o) = 2650*o**3 + o**2 - 15*o + 15. Let x = -154 - -155. Is z(x) a prime number?
False
Suppose -6*o + 5*o - 3*d = -2974, 8*o - 23716 = -5*d. Is o composite?
True
Let p = 584 + 150. Is p prime?
False
Let s = 9973 + -16033. Let d = s - -3116. Let k = -913 - d. Is k composite?
True
Suppose -15*o + 4*u + 12 = -17*o, -3*o - 2*u = 6. Suppose o = -r - 5, -5*p - 4*r = -4228 - 6442. Is p prime?
False
Let r be (-3 - 16/(-6))*(-30)/5. Suppose 9*p - 55 = -r*p. Suppose 2*l - 377 = t, 0 = -p*t + 1 - 16. Is l composite?
True
Suppose -2*f = 6, 11 = -0*t - t - 5*f. Suppose t*l = -4*v + 3720 + 8348, 0 = -v. Is l a composite number?
True
Suppose -5*c - 4*s + 14 = -5, c + 2*s = 5. Let x(t) = -2 + 3 + 6 - t**3 + 3*t**2 + 7*t + c*t**2. Is x(7) a prime number?
True
Suppose 2*o + 10*z = 256134, -o + 116*z = 115*z - 128043. Is o composite?
False
Suppose -5*t + 86 = -2*j - 0*j, 5*t = 5*j + 245. Let w = 56 + j. Suppose 0*m - 5*k = -w*m + 1247, 2*m + 2*k - 842 = 0. Is m a composite number?
False
Is -1*(-9)/((-27)/(-54651)) a composite number?
False
Suppose 2*i - 5*i = -6471. Is (-15 + 1)/((-6)/i) a composite number?
True
Let j = 89 + -84. Suppose -2*c + 3*c + 1408 = 3*n, j*c + 1881 = 4*n. Suppose 2*y + 5*y - n = 0. Is y composite?
False
Let l(y) = 83348*y**2 - 44*y - 45. Is l(-1) a prime number?
False
Let q(p) = p**3 + 7*p**2 + 2*p + 17. Let o be q(-7). Suppose n = a + o, 6 + 9 = 5*n - 4*a. Suppose 3*k = 0, 33 = n*j + 5*k - k. Is j a composite number?
False
Let a(f) = 1 + 2 - 16*f + 0 - 175*f. Let d be a(-1). Suppose -y + d = y. Is y a composite number?
False
Let g(k) = k**2 - 28*k + 137. Let w be g(6). Suppose 0 = -2*s + 5*x - 4*x + 2099, 2103 = 2*s - w*x. Is s prime?
True
Let q(x) = 5*x**3 - 32*x**2 + 91*x - 103. Let h(b) = 2*b**3 - 11*b**2 + 30*b - 34. Let v(p) = 8*h(p) - 3*q(p). Is v(11) composite?
False
Let v = -15 - -15. Suppose v = 11*q + 15*q - 44642. Is q a prime number?
False
Let s(f) = 18*f**3 - f**2 + 3*f - 10. Let i(d) be the first derivative of -d**4/4 + d**3/3 - d**2/2 - 1. Let l(p) = 5*i(p) + s(p). Is l(3) prime?
False
Let f(q) = -5*q**2 - 12 + 7*q + q**3 - 5*q - 6*q**2 - q. Let g be f(11). Is (((-263610)/12)/(-15))/(g/(-2)) composite?
True
Suppose 12*u + 8 = 8*u. Suppose 4*z = z + 132. Is (59/(-2))/(u/z) a prime number?
False
Let n = -40661 + 182524. Is n prime?
True
Let l(g) = g**3 - 7*g**2 + 23*g + 308. Is l(19) prime?
True
Suppose 3*b - 91 = -4*b. Let x(h) = h**2 - 15*h + 30. Let l be x(b). Suppose 165 = 3*r - 4*d + d, -l*d = -r + 43. Is r a prime number?
True
Suppose -2*m + 5*j = 179951, -7*m = -3*m + 5*j + 359857. Is (2 - 3 - -4)*m/(-48) a composite number?
False
Let b(h) = -168*h - 160. Let s be b(-26). Let t = -2367 + s. Is t a prime number?
False
Let f be -6*(-4 + (-27)/(-6)). Is f/9 + (203295/9 - 3) prime?
False
Let l = -264 + 283. Suppose -9685 = -l*o + 152670. Is o composite?
True
Suppose 0 = 3*j - 15, 0 = 3*w + w - 5*j + 9. Suppose 4*c = w*t - 20, 14 + 5 = 5*t - 2*c. Is 4*211 - (t - 1) a composite number?
True
Suppose 0 = -a - 323 + 379. Suppose 0 = -a*g + 3*g + 324731. Is g composite?
True
Suppose 2*n + 3*j - 130517 = 0, 34*n - 31*n = 2*j + 195769. Is n composite?
False
Let h be (-19 + 17)/((-2)/625). Suppose 0 = -6*k + h + 353. Is k a composite number?
False
Let c = 3390 - -720. Suppose -4*a + c = -2630. Is a composite?
True
Let g(v) = -245*v + 636. Is g(-13) composite?
False
Let o(k) = -4865*k**3 + 10*k**2 - 5*k + 5. Let c(n) = 4864*n**3 - 8*n**2 + 5*n - 4. Let x(g) = 3*c(g) + 2*o(g). Is x(1) a prime number?
True
Suppose -2*w = 8, j + 0*j + 3*w = 4499. Let c = j + -1740. Is c composite?
True
Let d(h) be the third derivative of -7*h**4/6 + 5*h**3/6 + h**2. Let k be (-255)/(-10)*(-6)/9. Is d(k) prime?
False
Is (((-1)/12)/(6/(-18)))/((-2)/(-2742664)) a composite number?
False
Let t(q) = 22*q**3 + 7*q**2 + 13*q + 11. Let g be t(-4). Let p = 4404 + g. Is p prime?
True
Let v(u) = 7933*u + 255. Is v(7) prime?
False
Let z = 6738 + -2479. Is z a composite number?
False
Suppose -20*o = 32*o + 76*o - 71591296. Is o composite?
True
Let u be (1 - 3525)*(3 + -2 + -4). Let v be (20386/3)/((-4)/(-6)). Suppose -5*s = -v - u. Is s a composite number?
False
Let w = 802559 - 352416. Is w prime?
False
Let j = 3304 + -568. Suppose 0 = -3*c + 19143 - j. Is c a composite number?
True
Suppose -3663852 = -476*z + 424*z + 2271584. Is z a composite number?
False
Suppose 0 = -319*l - 66*l + 23761045. Is l a composite number?
False
Suppose -1815160 - 1674196 = -70*q + 18*q. Is q a prime number?
True
Suppose -16*s + 43*s = 280395. Let n = -3088 + s. Is n a composite number?
False
Suppose 3*o + 4*j - 40 = 0, 4*j + 60 = 4*o + 8*j. Is (-3518)/(-6) - o/(-30) composite?
False
Let b = 15214 - -326. Suppose 5*q - b - 14075 = 0. Is q a prime number?
True
Suppose -102*j + 97*j + q = -1625710, 2*q = j - 325151. Is j a composite number?
True
Let g be 2*(-2 + 6/4). Let v be (-2)/(g + -5)*(-1 - -7). Suppose v*x - 6011 = -4*b + 5*x, -4*x - 6012 = -4*b. Is b a composite number?
True
Let t = -9962 - -19069. Is t a prime number?
False
Suppose 0 = -19*a + 66 + 29. Suppose -a*j = 11*j - 42896. Is j prime?
False
Suppose 2*g = -2*p + 188502, 0 = -g - 39*p + 44*p +